64837358?
False
Does 53 divide 37220034?
False
Is 28 a factor of 32884049?
False
Does 20 divide 776608?
False
Does 100 divide 41584100?
True
Does 153 divide 69543861?
False
Is 71 a factor of 235206958?
False
Is 156483676 a multiple of 146?
True
Is 983575031 a multiple of 13?
False
Is 2073716478 a multiple of 4035?
False
Does 57 divide 44662578?
True
Is 1437146 a multiple of 87?
False
Is 1732 a factor of 555909648?
True
Is 236 a factor of 19582336?
True
Does 102 divide 37447668?
True
Is 314298565 a multiple of 87?
False
Is 359438871 a multiple of 501?
False
Does 730 divide 16243230?
True
Is 589994747 a multiple of 49?
False
Is 353 a factor of 3059111767?
True
Is 16 a factor of 36571101?
False
Is 28000203 a multiple of 47?
True
Is 77 a factor of 156991527?
True
Is 2656 a factor of 709874432?
True
Does 150 divide 11547829?
False
Is 254 a factor of 1009629680?
True
Does 23 divide 915251?
False
Is 2734046 a multiple of 5?
False
Is 424233233 a multiple of 165?
False
Is 26273322 a multiple of 18?
True
Is 41 a factor of 2006660348?
False
Is 1310290308 a multiple of 4542?
False
Is 17827507 a multiple of 176?
False
Is 78176239 a multiple of 59?
True
Does 16 divide 135198768?
True
Is 4397 a factor of 1731670510?
True
Does 3609 divide 1771298411?
False
Is 23598186 a multiple of 48?
False
Is 2 a factor of 56694780?
True
Is 38759501 a multiple of 6?
False
Is 263 a factor of 22774485?
True
Is 42 a factor of 1230180?
True
Is 304155854 a multiple of 14?
False
Does 32 divide 6761603?
False
Is 681220307 a multiple of 25?
False
Is 30 a factor of 69258604?
False
Is 3 a factor of 393917171?
False
Is 11774243 a multiple of 50?
False
Does 664 divide 22527528?
True
Is 29 a factor of 3230977?
True
Is 1446143148 a multiple of 9129?
True
Is 7 a factor of 267799595?
True
Does 17 divide 159251461?
True
Does 9 divide 798567408?
True
Does 128 divide 75623232?
False
Is 12 a factor of 41109504?
True
Is 8 a factor of 49037160?
True
Is 476649012 a multiple of 211?
False
Is 26304361 a multiple of 11?
False
Is 19 a factor of 2054936645?
False
Is 8 a factor of 136195776?
True
Is 17787957 a multiple of 1067?
True
Does 15 divide 9231255?
True
Does 60 divide 257250075?
False
Does 25 divide 93073625?
True
Does 803 divide 371270396?
False
Is 22620309 a multiple of 21?
False
Is 26 a factor of 5708907?
False
Is 12 a factor of 376144760?
False
Does 2 divide 46578655?
False
Does 12 divide 5914164?
True
Does 292 divide 10935692?
True
Is 19888407 a multiple of 3?
True
Is 49 a factor of 352857667?
False
Is 9 a factor of 10242720?
True
Is 178942375 a multiple of 125?
True
Is 127814598 a multiple of 543?
True
Is 307919465 a multiple of 307?
True
Is 447 a factor of 298724?
False
Does 323 divide 11111483?
False
Is 197 a factor of 78216289?
True
Is 1022395918 a multiple of 8?
False
Is 10550698 a multiple of 233?
False
Does 226 divide 1997146986?
False
Is 335 a factor of 1220472335?
True
Is 3637 a factor of 495272112?
True
Does 20 divide 134220000?
True
Is 44792094 a multiple of 4499?
False
Is 11385011 a multiple of 37?
True
Does 4 divide 13569132?
True
Does 1464 divide 190454688?
True
Does 3693 divide 323096877?
True
Does 105 divide 4232400?
False
Is 269 a factor of 54742293?
False
Does 606 divide 312362480?
False
Is 464495718 a multiple of 74?
False
Does 17 divide 279998100?
False
Is 17 a factor of 424813241?
False
Does 82 divide 51441415?
False
Does 21 divide 368900347?
False
Is 5285 a factor of 586207109?
False
Does 21 divide 8558731?
False
Does 2351 divide 53207832?
True
Is 461062481 a multiple of 21?
False
Does 2 divide 2465776?
True
Does 18 divide 89985960?
True
Is 430097250 a multiple of 25?
True
Does 354 divide 677781766?
False
Does 268 divide 409810?
False
Is 119 a factor of 13896344?
True
Is 41250764 a multiple of 659?
True
Is 125802363 a multiple of 57?
True
Does 543 divide 179004294?
True
Does 50 divide 59613850?
True
Does 12 divide 2777124?
True
Is 1747 a factor of 25024028?
True
Is 6 a factor of 33812052?
True
Does 33 divide 1375551955?
False
Is 10538927 a multiple of 7?
True
Is 76095157 a multiple of 747?
False
Is 22359576 a multiple of 1284?
True
Is 39831374 a multiple of 120?
False
Is 1668 a factor of 1309115448?
False
Does 111 divide 259329633?
True
Is 5 a factor of 18289864?
False
Is 1016 a factor of 801285672?
True
Does 421 divide 416552977?
True
Is 629 a factor of 49326809?
True
Does 991 divide 3912359778?
False
Is 31 a factor of 224006482?
False
Does 333 divide 20266507?
False
Is 244665384 a multiple of 12?
True
Is 29832435 a multiple of 137?
True
Is 1065412620 a multiple of 2026?
True
Does 143 divide 227770257?
True
Is 19 a factor of 137636038?
True
Is 4092223344 a multiple of 132?
True
Is 1226254361 a multiple of 984?
False
Is 98094810 a multiple of 6180?
False
Is 82068219 a multiple of 37?
False
Does 243 divide 53643330?
False
Is 5309009105 a multiple of 2565?
False
Is 1691 a factor of 72596178?
False
Is 1948589340 a multiple of 166?
True
Does 225 divide 56204550?
True
Is 3106 a factor of 107669490?
True
Is 26 a factor of 249640300?
True
Is 206 a factor of 50525172?
False
Is 172 a factor of 129087204?
True
Is 5342711 a multiple of 18?
False
Is 151 a factor of 45606228?
True
Does 127 divide 266675918?
False
Is 17945074 a multiple of 37?
True
Is 4240 a factor of 2820397970?
False
Is 17639565 a multiple of 555?
True
Is 2096613 a multiple of 277?
True
Is 1692 a factor of 37212156?
True
Is 280503042 a multiple of 59?
False
Is 1677900 a multiple of 470?
True
Is 2980452804 a multiple of 578?
False
Does 943 divide 388823418?
True
Is 14 a factor of 24130256?
False
Is 20299133 even?
False
Is 27 a factor of 4199180?
False
Is 1202773428 a multiple of 419?
False
Is 16 a factor of 20822827?
False
Is 11 a factor of 137534297?
False
Is 1148 a factor of 54655132?
True
Is 2439467 a multiple of 1837?
False
Does 2530 divide 34346959?
False
Does 2198 divide 155561252?
True
Does 214 divide 1746031992?
True
Is 109309316 a multiple of 1795?
False
Does 1941 divide 26243527?
False
Is 11335315 a multiple of 1210?
False
Is 9 a factor of 3275827?
False
Is 111958297 a multiple of 1570?
False
Does 201 divide 16251252?
True
Is 5255257 even?
False
Is 1474328970 a multiple of 29?
True
Is 1812 a factor of 99706354?
False
Is 6084 a factor of 241005492?
True
Does 7 divide 65273740?
True
Does 22 divide 315260?
True
Does 10 divide 2261206670?
True
Is 132809 even?
False
Is 9 a factor of 162003647?
False
Is 45 a factor of 384963696?
False
Does 680 divide 31829440?
True
Is 47 a factor of 132682695?
False
Is 270864 a multiple of 27?
True
Is 11 a factor of 49465493?
True
Is 26869684 a multiple of 1348?
True
Is 186800523 a multiple of 5277?
True
Is 435169 a multiple of 126?
False
Is 188 a factor of 43437024?
True
Is 32 a factor of 1517449092?
False
Does 309 divide 155226105?
False
Is 23 a factor of 4603807765?
True
Does 388 divide 18776872?
True
Does 34 divide 85792438?
True
Is 190 a factor of 3807030?
True
Is 21517845 a multiple of 172?
False
Is 13 a factor of 143863958?
False
Is 2216489 a multiple of 8?
False
Does 22 divide 2654652?
True
Does 17 divide 19627146?
True
Is 954533581 a multiple of 10?
False
Does 1761 divide 91589610?
True
Is 420 a factor of 40332336?
False
Is 1574225145 a multiple of 15?
True
Is 2307244512 a multiple of 237?
False
Is 33 a factor of 133077650?
False
Is 267 a factor of 3238925823?
False
Is 35 a factor of 31565814?
False
Is 298344432 a multiple of 8?
True
Is 2 a factor of 747992?
True
Is 15 a factor of 187712025?
True
Does 4582 divide 23496182?
False
Does 268 divide 8080545?
False
Is 22911960 a multiple of 947?
False
Is 34315732 a multiple of 716?
True
Does 156 divide 5542502?
False
Is 12 a factor of 733379303?
False
Is 51296879 a multiple of 35?
False
Does 1029 divide 87028704?
True
Does 1353 divide 1136408906?
False
Is 489552892 a multiple of 146?
True
Is 363 a factor of 670322386?
False
Is 165043320 a multiple of 3?
True
Is 170198400 a multiple of 24?
True
Is 5 a factor of 9593302?
False
Is 39 a factor of 79747363?
False
Does 21 divide 6359203?
False
Is 4 a factor of 117252258?
False
Is 679 a factor of 1713279297?
False
Does 11 divide 240715244?
True
Does 13 divide 30906253?
False
Is 53082234 a multiple of 9?
True
Is 101055066 a multiple of 111?
True
Is 1063 a factor of 610437317?
